z - 2230, 0 = -3*z + 4*p + 1333. What is the tens digit of z?
5
Let p(j) = -j**3 + 12*j**2 + 4*j - 9. Let m be p(12). Suppose 0 = 4*y - m - 237. What is the units digit of y?
9
Let m = 915 + -386. What is the hundreds digit of m?
5
Suppose -48*u = -25617 - 91071. What is the thousands digit of u?
2
Suppose -5*d - 6 = -2*d. Let x be d - (2 - 3)*2. Suppose 2*a + i - 41 = 0, -i + 2*i - 5 = x. What is the units digit of a?
8
Let u(h) = h - 12. Let c be u(0). Let t(o) = -o**2 - 14*o - 19. Let k(f) = -3*f**2 - 42*f - 56. Let d(y) = 4*k(y) - 11*t(y). What is the units digit of d(c)?
9
Suppose 2580 = -3*j - 732. Let c be j/(-28) - 6/14. Suppose 10*a - c = 7*a. What is the tens digit of a?
1
Suppose -2*r = -a - 5*r - 151, 5*a + 703 = -2*r. Let k = a + 222. What is the tens digit of k?
8
Let n(z) = -2*z**3 - 4*z**2 + 6*z + 5. Suppose r = -4*u - 2*r - 29, 5*r + 40 = -5*u. What is the hundreds digit of n(u)?
1
Suppose 7*o - 2*o + 2*r = 0, r = -5. Suppose -2*j = -4*g - 28, -2*j - 3*j + o*g + 110 = 0. Suppose 0 = -6*k + 264 - j. What is the tens digit of k?
4
Suppose n = 3*z + z + 229, 0 = -2*z + 3*n - 107. Let d = z + 255. What is the hundreds digit of d?
1
Let j = 9686 - 3716. What is the tens digit of j?
7
Let c(m) be the third derivative of -m**6/120 - 11*m**5/60 - m**4/8 + 5*m**3/3 - 11*m**2. Let a be c(-11). Suppose x = a - 17. What is the units digit of x?
6
Suppose 4*y + 10 = -5*a, y - a + 4 = -3*a. Suppose -j + 20 + 19 = y. What is the tens digit of j?
3
Let b(s) = -s**2 - 19*s + 21. Let d be b(-20). What is the tens digit of (2774/19)/(2 + 0/d)?
7
Suppose 0 = -t + 5*v - 11, -2*t = -3*v + 3 + 33. Let w = t - -67. Suppose 0 = k - 3*k + w. What is the tens digit of k?
2
Suppose -5*n - 5*x + 1360 = -265, -2*n - x = -652. What is the tens digit of n?
2
Let q = 9930 + -6816. What is the hundreds digit of q?
1
Let i(l) = 69*l + 161. What is the units digit of i(12)?
9
Let j = 3306 - 285. What is the units digit of j?
1
What is the tens digit of (-330)/14*-31 + 20/70?
3
Let u(n) = -5 - 6*n - 7*n - 3*n. Let o be u(-5). Suppose -4*q = -q - o. What is the tens digit of q?
2
Let d(f) be the second derivative of f**4/6 + 3*f**3/2 + 19*f**2/2 - 37*f. What is the hundreds digit of d(8)?
2
Let n(q) be the third derivative of 5*q**2 - 1/6*q**4 + 0*q - 5/6*q**3 + 0. What is the tens digit of n(-4)?
1
Let l = -1 + 5. Suppose 0*z = l*z. Suppose 5*g - 4*j = 256, 0 = 4*g - 3*j - z*j - 205. What is the tens digit of g?
5
What is the tens digit of (6 + -1)*2428*(-9)/(-90)?
1
Let l be (-3 - (1 + 0)) + -1 + 4. What is the units digit of (-31*(-4)/(-4))/l?
1
Let q be (6/(-4))/(21/(-7406)). Suppose 0 = y + 4*y - 3*u - 537, 5*y - u = q. What is the units digit of y?
5
Suppose 0*m + 3*m - 12 = 0. Suppose 94 = 2*z + m*q + 2, -2*z + 84 = -4*q. What is the units digit of z?
4
Suppose 2*o - 8 = -3*d, d + 0*d = -5*o - 6. Suppose -d*y + 245 + 127 = 0. What is the units digit of y?
3
Suppose 31*c - 1160 = 44317. What is the tens digit of c?
6
Suppose -4*k = 2*r - 2926 + 370, 3*k - 1891 = 5*r. What is the tens digit of k?
3
Suppose -17 = 10*c - 57. Suppose 0 = c*h + 47 - 415. What is the units digit of h?
2
Let k(g) = -2*g - 35. Let y be k(-20). Let u = 0 + y. What is the units digit of u?
5
Let y = 626 - 376. What is the tens digit of y?
5
Let r be 12*((-7)/(-3) + -2). Let s(h) = -22*h - 31*h - 5*h + r*h. What is the units digit of s(-1)?
4
Suppose 9*k + 0*k = 18. Suppose -3*g - 5*o = -472 - 46, 0 = -5*g + k*o + 853. What is the units digit of g?
1
Let y(a) = a**2 + 34*a - 40. What is the units digit of y(-37)?
1
Let m(l) be the second derivative of 1/2*l**2 + 3*l + 0 - 7/6*l**3 + 1/12*l**4. What is the tens digit of m(9)?
1
Let i(r) = 3*r**3 - 4*r**2 + 2*r. Let d be i(2). What is the units digit of 9 - (d/(-3) + 2)?
1
Suppose -44 = t - 57. Let d = t - -41. What is the units digit of d?
4
Suppose -216 = 5*r - 281. What is the units digit of r?
3
Let m(w) = -43*w**3 + w**2 - 8*w + 13. What is the hundreds digit of m(-4)?
8
Let k(m) = m**3 - 9*m**2 - 3*m + 13. Let z be k(5). Let g = z - -145. What is the units digit of g?
3
Let h = 49 + -27. Suppose -h = -4*a + 26. What is the units digit of a?
2
Let t(q) = q**3 - 9*q**2 - 11*q + 5. Suppose -x - 2*x + 30 = 0. Let h be t(x). Let s = h - -15. What is the units digit of s?
0
Suppose 3*j - 6*j - 687 = 0. Let s = -121 - j. What is the tens digit of s?
0
Let h = -14 - -16. Let a be 8*(-1)/h - -3. What is the units digit of (-12)/(a + (-4)/8)?
8
Let l = -1087 + 1690. Suppose -5*y + 2*d + l = 0, -4*d - 238 = 3*y - 5*y. Suppose 4*m - 36 = a - y, -5*m = -5*a + 380. What is the tens digit of a?
7
Let c(q) be the first derivative of 3/2*q**2 + 7 - 6*q. What is the units digit of c(9)?
1
Let l = 16 + -11. Suppose -l*j = 3*k - 3 - 3, 30 = -5*k + 5*j. What is the units digit of 1/k*(-12 + 3)?
3
Let w(r) = -21*r - 16. Let k be w(4). Let y = k - -120. What is the units digit of y?
0
Suppose -8 = -j - j - 4*v, 3*j = -3*v + 15. Let f(y) = y**3 - 3*y**2 - 13*y - 7. What is the units digit of f(j)?
3
Suppose -5*x + y - 238 = 0, 2*y = -y - 6. Let b = -27 - x. What is the tens digit of b?
2
Let s(o) = o**2 + 18*o + 10. Suppose 0 = j + 19 - 1. What is the tens digit of s(j)?
1
Suppose -7 - 1 = -2*x. Suppose -4*l + x = -12. Suppose -40 - 60 = -l*c. What is the tens digit of c?
2
Suppose 0*l - 8 = 4*l, 4*l = -2*f - 2. Suppose 0 = 5*i + f*y - 466, 6*i - 5*y - 490 = i. What is the units digit of i?
5
Let a(w) = -13*w - 3. Let d be a(-7). Let k = d + -32. What is the units digit of k?
6
Suppose 4*u + 182 = h, 0 = -5*u + 3*u - 6. What is the hundreds digit of h?
1
What is the units digit of (127/(1/1))/((-8)/(-8))?
7
Let f(i) = 8*i**2 + 9*i + 19. Suppose 5*q = -5*j + 7 - 17, -4*j = 3*q + 11. What is the tens digit of f(j)?
7
Let j = 41 + -38. Suppose 4*i + 3*h - 409 = -2*h, -2*i + j*h = -177. What is the tens digit of i?
9
Let f = -101 - -62. Let b = f + 83. What is the units digit of b?
4
Let i(q) = 57*q**3 - 2*q**2 + q. Let m be (1/(-5))/((-1)/5). What is the tens digit of i(m)?
5
What is the hundreds digit of -503*((-4)/(-26) - (-195)/(-169))?
5
Let f = 41 - 50. Let c(r) = r**2 - 8*r + 19. What is the hundreds digit of c(f)?
1
Let o(c) = 6*c - 12. Let m be o(4). Suppose -y + 4*y = m. What is the units digit of y?
4
Let k(u) = u**2 - 16*u + 3. Let l be k(16). Let b(q) = 32*q + 8. What is the tens digit of b(l)?
0
Let v(r) = r**3 - r**2 + r + 2. Let j be v(0). Suppose 2*p - 15 = -m - 3*p, 0 = -3*m - 5*p - 5. What is the units digit of -4 + 3 - (m - j)?
1
Let l be 1*(-8)/(-16) + 1/2. What is the hundreds digit of 10298/38 - (-1)/l?
2
Suppose o = -3*m - 0*o - 5, -5 = -m + o. Let w = m + 3. What is the units digit of w?
3
Suppose -5*g + 1806 = 26. What is the tens digit of g?
5
Let z(m) = -m**2 + 8*m - 12. Let b be z(6). Suppose 3*o + o = b. Suppose -3*i + 1 + 20 = o. What is the units digit of i?
7
Suppose -b + 4*b = 6. Let j(z) be the first derivative of 3*z**2/2 + z + 7. What is the units digit of j(b)?
7
Suppose -5*r - 2*r + 1869 = 0. What is the tens digit of r?
6
Let t be (-6)/(-33) + (-6)/33. Suppose -x + 9 + 6 = t. Let g = 13 + x. What is the tens digit of g?
2
Let y = 4 + 0. Suppose 2*v = v + 55. Suppose 2*o = -t + v, 0 = o + 4*o + y*t - 133. What is the tens digit of o?
2
Let m(b) = 88*b - 45*b - 38*b + 4. Suppose 5*g = 16 + 4. What is the tens digit of m(g)?
2
Suppose t - 220 = 3*k, k = t + 4*k - 202. What is the units digit of t?
1
Let p = -4 + 1. Let s = p - 2. Let t(d) = 2*d**2 + 6*d - 1. What is the units digit of t(s)?
9
What is the units digit of (-1020)/(-35)*(-14)/(-4)?
2
Let x(b) = -22*b + 6. What is the units digit of x(-3)?
2
Let h(c) be the third derivative of c**6/60 + 19*c**5/30 - c**4/12 + 9*c**3/2 + 4*c**2. What is the tens digit of h(-19)?
6
Let d = 95 - -48. Let b = d - 73. What is the units digit of b?
0
Let t be 270*1 + -16 + 12. Suppose 2*z = -4*d + 4*z + t, -2*z = d - 54. What is the tens digit of d?
6
Suppose 0 = -4*r + 3145 - 185. Suppose 0 = 4*j + 228 - r. Suppose -16 = -t - 3*b, -8*t + j = -3*t + 3*b. What is the tens digit of t?
2
Let l = -741 - -1496. What is the hundreds digit of l?
7
Suppose 3*l = g - 412, -g = l + 2*l - 394. What is the tens digit of g?
0
Let z = 289 - 172. What is the tens digit of z?
1
Suppose -6*m + 2